{"id":204,"date":"2024-11-10T02:10:06","date_gmt":"2024-11-10T02:10:06","guid":{"rendered":"http:\/\/laximenavelasquez.com\/reflexiones-sobre-el-paisaje\/el-mar\/"},"modified":"2024-12-03T15:22:34","modified_gmt":"2024-12-03T15:22:34","slug":"el-mar","status":"publish","type":"page","link":"http:\/\/laximenavelasquez.com\/pt\/reflexiones-sobre-el-paisaje\/el-mar\/","title":{"rendered":"O mar"},"content":{"rendered":"<div data-elementor-type=\"wp-page\" data-elementor-id=\"204\" class=\"elementor elementor-204\" data-elementor-post-type=\"page\">\n\t\t\t\t<div class=\"elementor-element elementor-element-a55c2f9 e-flex e-con-boxed e-con e-parent\" data-id=\"a55c2f9\" data-element_type=\"container\">\n\t\t\t\t\t<div class=\"e-con-inner\">\n\t\t<div class=\"elementor-element elementor-element-2c8bad5 e-con-full e-flex e-con e-child\" data-id=\"2c8bad5\" data-element_type=\"container\">\n\t\t\t\t<div class=\"elementor-element elementor-element-19a59ef elementor-widget elementor-widget-heading\" data-id=\"19a59ef\" data-element_type=\"widget\" data-widget_type=\"heading.default\">\n\t\t\t\t<div class=\"elementor-widget-container\">\n\t\t\t\t\t<h1 class=\"elementor-heading-title elementor-size-default\">O mar<\/h1>\t\t\t\t<\/div>\n\t\t\t\t<\/div>\n\t\t\t\t<div class=\"elementor-element elementor-element-cd4ad7f elementor-widget elementor-widget-text-editor\" data-id=\"cd4ad7f\" data-element_type=\"widget\" data-widget_type=\"text-editor.default\">\n\t\t\t\t<div class=\"elementor-widget-container\">\n\t\t\t\t\t\t\t\t\t<p><strong>V\u00eddeo, dura\u00e7\u00e3o: 00:01:38\u00a0<br \/>V\u00eddeo e estojo com fones de ouvido\u00a0<br \/>2008<\/strong><\/p>\t\t\t\t\t\t\t\t<\/div>\n\t\t\t\t<\/div>\n\t\t\t\t<div class=\"elementor-element elementor-element-303afc6 elementor-widget-mobile__width-inherit uael-aspect-ratio-16_9 elementor-widget elementor-widget-uael-video\" data-id=\"303afc6\" data-element_type=\"widget\" data-widget_type=\"uael-video.default\">\n\t\t\t\t<div class=\"elementor-widget-container\">\n\t\t\t\t\t\t\t\t\t<div class=\"uael-video__outer-wrap  uael-video-type-vimeo\" data-device=\"false\" data-vsticky=\"no\" data-hidedesktop=\"\" data-hidetablet=\"\" data-hidemobile=\"\" data-vsticky-viewport=\"0\" data-autoplay=\"0\">\n\t\t\t\t\t<div class=\"uael-vimeo-wrap\">\n\t\t\t\t\t\t\t\t\t<div class=\"uael-vimeo-headers\">\n\t\t\t\t\t\t\t\t<div class=\"uael-vimeo-title\">\n\t\t\t\t\t<a href=\"\">O mar<\/a>\n\t\t\t\t<\/div>\n\t\t\t\t\t\t\t\t\t\t\t\t<div class=\"uael-vimeo-byline\">\n\t\t\t\t\tde  <a href=\"\">ximena vel\u00e1squez<\/a>\n\t\t\t\t<\/div>\n\t\t\t\t\t\t\t<\/div>\n\t\t\t\t\t<\/div>\n\t\t\t\t\t\t\t<div class=\"uael-video-inner-wrap\">\n\t\t\t\t<div class=\"uael-video__play\" data-src=\"https:\/\/player.vimeo.com\/video\/5825615?loop=0&amp;title=1&amp;portrait=0&amp;byline=1&amp;muted=0&amp;color&amp;autopause=0&amp;autoplay=1#t=\">\n\t\t\t\t\t<img decoding=\"async\" class=\"uael-video__thumb\" src=\"https:\/\/i.vimeocdn.com\/video\/20409706-f517baccfacc406d213118cfd89d2bfab8330db2d9fd1e1e011bbe53d4d4d56c-d_840?region=us\" alt=\"\"><\/img>\n\t\t\t\t\t<div class=\"uael-video__play-icon uael-animation-\">\n\t\t\t\t\t\t<svg aria-hidden=\"true\" class=\"e-font-icon-svg e-fa-play-circle\" viewbox=\"0 0 512 512\" xmlns=\"http:\/\/www.w3.org\/2000\/svg\"><path d=\"M256 8C119 8 8 119 8 256s111 248 248 248 248-111 248-248S393 8 256 8zm115.7 272l-176 101c-15.8 8.8-35.7-2.5-35.7-21V152c0-18.4 19.8-29.8 35.7-21l176 107c16.4 9.2 16.4 32.9 0 42z\"><\/path><\/svg>\t\t\t\t\t<\/div>\n\t\t\t\t<\/div>\n\t\t\t\t\t\t\t\t\t\t\t<\/div>\n\t\t<\/div>\n\t\t\t\t\t\t\t<\/div>\n\t\t\t\t<\/div>\n\t\t\t\t<div class=\"elementor-element elementor-element-75c4b54 elementor-widget elementor-widget-uael-retina-image\" data-id=\"75c4b54\" data-element_type=\"widget\" data-settings=\"{&quot;align&quot;:&quot;center&quot;,&quot;width&quot;:{&quot;unit&quot;:&quot;%&quot;,&quot;size&quot;:&quot;&quot;,&quot;sizes&quot;:[]},&quot;width_tablet&quot;:{&quot;unit&quot;:&quot;%&quot;,&quot;size&quot;:&quot;&quot;,&quot;sizes&quot;:[]},&quot;width_mobile&quot;:{&quot;unit&quot;:&quot;%&quot;,&quot;size&quot;:&quot;&quot;,&quot;sizes&quot;:[]},&quot;space&quot;:{&quot;unit&quot;:&quot;%&quot;,&quot;size&quot;:&quot;&quot;,&quot;sizes&quot;:[]},&quot;space_tablet&quot;:{&quot;unit&quot;:&quot;%&quot;,&quot;size&quot;:&quot;&quot;,&quot;sizes&quot;:[]},&quot;space_mobile&quot;:{&quot;unit&quot;:&quot;%&quot;,&quot;size&quot;:&quot;&quot;,&quot;sizes&quot;:[]},&quot;image_border_radius&quot;:{&quot;unit&quot;:&quot;px&quot;,&quot;top&quot;:&quot;&quot;,&quot;right&quot;:&quot;&quot;,&quot;bottom&quot;:&quot;&quot;,&quot;left&quot;:&quot;&quot;,&quot;isLinked&quot;:true},&quot;image_border_radius_tablet&quot;:{&quot;unit&quot;:&quot;px&quot;,&quot;top&quot;:&quot;&quot;,&quot;right&quot;:&quot;&quot;,&quot;bottom&quot;:&quot;&quot;,&quot;left&quot;:&quot;&quot;,&quot;isLinked&quot;:true},&quot;image_border_radius_mobile&quot;:{&quot;unit&quot;:&quot;px&quot;,&quot;top&quot;:&quot;&quot;,&quot;right&quot;:&quot;&quot;,&quot;bottom&quot;:&quot;&quot;,&quot;left&quot;:&quot;&quot;,&quot;isLinked&quot;:true}}\" data-widget_type=\"uael-retina-image.default\">\n\t\t\t\t<div class=\"elementor-widget-container\">\n\t\t\t\t\t\t\t<div class=\"uael-retina-image\">\n\t\t\t\t\t\t\t\t\t\t\t\t\t<div class=\"uael-retina-image-set\">\n\t\t\t\t\t<div class=\"uael-retina-image-container\">\n\t\t\t\t\t\t<img decoding=\"async\" class=\"uael-retina-img elementor-animation- lazyload\" data-src=\"http:\/\/laximenavelasquez.com\/wp-content\/smush-webp\/2024\/12\/El-mar-768x788.jpg.webp\" alt=\"El mar\"data-srcset=\"http:\/\/laximenavelasquez.com\/wp-content\/smush-webp\/2024\/12\/El-mar-768x788.jpg.webp 1x,http:\/\/laximenavelasquez.com\/wp-content\/smush-webp\/2024\/12\/El-mar-768x788.jpg.webp 2x\" src=\"data:image\/gif;base64,R0lGODlhAQABAAAAACH5BAEKAAEALAAAAAABAAEAAAICTAEAOw==\" style=\"--smush-placeholder-width: 768px; --smush-placeholder-aspect-ratio: 768\/788;\" data-smush-webp-fallback=\"{&quot;data-src&quot;:&quot;http:\\\/\\\/laximenavelasquez.com\\\/wp-content\\\/uploads\\\/2024\\\/12\\\/El-mar-768x788.jpg&quot;,&quot;data-srcset&quot;:&quot;http:\\\/\\\/laximenavelasquez.com\\\/wp-content\\\/uploads\\\/2024\\\/12\\\/El-mar-768x788.jpg 1x,http:\\\/\\\/laximenavelasquez.com\\\/wp-content\\\/uploads\\\/2024\\\/12\\\/El-mar-768x788.jpg 2x&quot;}\" \/><noscript><img decoding=\"async\" class=\"uael-retina-img elementor-animation-\" src=\"http:\/\/laximenavelasquez.com\/wp-content\/uploads\/2024\/12\/El-mar-768x788.jpg\" alt=\"El mar\"srcset=\"http:\/\/laximenavelasquez.com\/wp-content\/uploads\/2024\/12\/El-mar-768x788.jpg 1x,http:\/\/laximenavelasquez.com\/wp-content\/uploads\/2024\/12\/El-mar-768x788.jpg 2x\"\/><\/noscript>\n\t\t\t\t\t<\/div>\n\t\t\t\t<\/div>\n\t\t\t\t\t\t\t\t<\/div>\n\t\t\t\t\t\t<\/div>\n\t\t\t\t<\/div>\n\t\t\t\t<div class=\"elementor-element elementor-element-e124bab elementor-widget elementor-widget-text-editor\" data-id=\"e124bab\" data-element_type=\"widget\" data-widget_type=\"text-editor.default\">\n\t\t\t\t<div class=\"elementor-widget-container\">\n\t\t\t\t\t\t\t\t\t<p><span data-contrast=\"auto\">Alguns dizem que os carac\u00f3is marinhos guardam em sua mem\u00f3ria o som das ondas que lhes deram origem, refletindo a cren\u00e7a de que \u00e9 poss\u00edvel ouvir o mar quando se est\u00e1 a quil\u00f4metros de dist\u00e2ncia apenas segurando um caracol perto do ouvido.<\/span><span data-ccp-props=\"{}\">\u00a0<\/span><\/p><p><span data-contrast=\"auto\">As conchas permitem a cria\u00e7\u00e3o de uma paisagem virtual, entendendo \"virtual\" n\u00e3o como algo estritamente relacionado \u00e0 m\u00eddia tecnol\u00f3gica, mas como uma experi\u00eancia mental. Nossa mente, estimulada por um m\u00ednimo de sensa\u00e7\u00f5es e emo\u00e7\u00f5es, seja por meio de uma imagem, um cheiro ou um som, desafia os limites espaciais e temporais, transita entre o passado e as lembran\u00e7as, mistura imagens e situa\u00e7\u00f5es e se move por paisagens virtuais t\u00e3o v\u00edvidas que nos preenchem completamente.<\/span><span data-ccp-props=\"{}\">\u00a0<\/span><\/p><p><span data-contrast=\"auto\">O caracol, quando est\u00e1 habitado, vagueia com sua casa nas costas, talvez porque habite um territ\u00f3rio t\u00e3o vasto que n\u00e3o tem necessidade de se estabelecer em um lugar fixo. Mais tarde, a concha sozinha, com o som que ressoa em seu interior, tem o poder de evocar uma paisagem que, como o pr\u00f3prio recipiente, torna-se err\u00e1tica.<\/span><span data-ccp-props=\"{}\">\u00a0<\/span><\/p>\t\t\t\t\t\t\t\t<\/div>\n\t\t\t\t<\/div>\n\t\t\t\t<div class=\"elementor-element elementor-element-f3b4064 elementor-widget elementor-widget-text-editor\" data-id=\"f3b4064\" data-element_type=\"widget\" data-widget_type=\"text-editor.default\">\n\t\t\t\t<div class=\"elementor-widget-container\">\n\t\t\t\t\t\t\t\t\t<p><span class=\"TextRun SCXW102508270 BCX8\" lang=\"ES-ES\" xml:lang=\"ES-ES\" data-contrast=\"none\"><span class=\"NormalTextRun SCXW102508270 BCX8\">C\u00e2mera:<\/span> <span class=\"NormalTextRun SCXW102508270 BCX8\">Dixon<\/span> <span class=\"NormalTextRun SCXW102508270 BCX8\">Quitiana<\/span><\/span><\/p>\t\t\t\t\t\t\t\t<\/div>\n\t\t\t\t<\/div>\n\t\t\t\t<\/div>\n\t\t\t\t\t<\/div>\n\t\t\t\t<\/div>\n\t\t\t\t<\/div>","protected":false},"excerpt":{"rendered":"<p>O mar V\u00eddeo, dura\u00e7\u00e3o: 00:01:38 V\u00eddeo e capa para fone de ouvido 2008 https:\/\/vimeo.com\/5825615 Alguns dizem que os carac\u00f3is marinhos guardam na mem\u00f3ria o som das ondas que os viram nascer, o que explica a cren\u00e7a de que \u00e9 poss\u00edvel ouvir o mar quando se est\u00e1 a quil\u00f4metros de dist\u00e2ncia apenas com um caracol marinho [...]<\/p>","protected":false},"author":1,"featured_media":0,"parent":195,"menu_order":0,"comment_status":"closed","ping_status":"closed","template":"","meta":{"footnotes":""},"class_list":["post-204","page","type-page","status-publish","hentry"],"_links":{"self":[{"href":"http:\/\/laximenavelasquez.com\/pt\/wp-json\/wp\/v2\/pages\/204","targetHints":{"allow":["GET"]}}],"collection":[{"href":"http:\/\/laximenavelasquez.com\/pt\/wp-json\/wp\/v2\/pages"}],"about":[{"href":"http:\/\/laximenavelasquez.com\/pt\/wp-json\/wp\/v2\/types\/page"}],"author":[{"embeddable":true,"href":"http:\/\/laximenavelasquez.com\/pt\/wp-json\/wp\/v2\/users\/1"}],"replies":[{"embeddable":true,"href":"http:\/\/laximenavelasquez.com\/pt\/wp-json\/wp\/v2\/comments?post=204"}],"version-history":[{"count":9,"href":"http:\/\/laximenavelasquez.com\/pt\/wp-json\/wp\/v2\/pages\/204\/revisions"}],"predecessor-version":[{"id":815,"href":"http:\/\/laximenavelasquez.com\/pt\/wp-json\/wp\/v2\/pages\/204\/revisions\/815"}],"up":[{"embeddable":true,"href":"http:\/\/laximenavelasquez.com\/pt\/wp-json\/wp\/v2\/pages\/195"}],"wp:attachment":[{"href":"http:\/\/laximenavelasquez.com\/pt\/wp-json\/wp\/v2\/media?parent=204"}],"curies":[{"name":"wp","href":"https:\/\/api.w.org\/{rel}","templated":true}]}}

<div data-elementor-type="wp-page" data-elementor-id="204" class="elementor elementor-204" data-elementor-post-type="page">
				<div class="elementor-element elementor-element-a55c2f9 e-flex e-con-boxed e-con e-parent" data-id="a55c2f9" data-element_type="container">
					<div class="e-con-inner">
		<div class="elementor-element elementor-element-2c8bad5 e-con-full e-flex e-con e-child" data-id="2c8bad5" data-element_type="container">
				<div class="elementor-element elementor-element-19a59ef elementor-widget elementor-widget-heading" data-id="19a59ef" data-element_type="widget" data-widget_type="heading.default">
				<div class="elementor-widget-container">
					<h1 class="elementor-heading-title elementor-size-default">O mar</h1>				</div>
				</div>
				<div class="elementor-element elementor-element-cd4ad7f elementor-widget elementor-widget-text-editor" data-id="cd4ad7f" data-element_type="widget" data-widget_type="text-editor.default">
				<div class="elementor-widget-container">
									<p><strong>Vídeo, duração: 00:01:38 <br />Vídeo e estojo com fones de ouvido <br />2008</strong></p>								</div>
				</div>
				<div class="elementor-element elementor-element-303afc6 elementor-widget-mobile__width-inherit uael-aspect-ratio-16_9 elementor-widget elementor-widget-uael-video" data-id="303afc6" data-element_type="widget" data-widget_type="uael-video.default">
				<div class="elementor-widget-container">
									<div class="uael-video__outer-wrap  uael-video-type-vimeo" data-device="false" data-vsticky="no" data-hidedesktop="" data-hidetablet="" data-hidemobile="" data-vsticky-viewport="0" data-autoplay="0">
					<div class="uael-vimeo-wrap">
									<div class="uael-vimeo-headers">
								<div class="uael-vimeo-title">
					<a href="">O mar</a>
				</div>
												<div class="uael-vimeo-byline">
					de  <a href="">ximena velásquez</a>
				</div>
							</div>
					</div>
							<div class="uael-video-inner-wrap">
				<div class="uael-video__play" data-src="https://player.vimeo.com/video/5825615?loop=0&amp;title=1&amp;portrait=0&amp;byline=1&amp;muted=0&amp;color&amp;autopause=0&amp;autoplay=1#t=">
					<img decoding="async" class="uael-video__thumb" src="https://i.vimeocdn.com/video/20409706-f517baccfacc406d213118cfd89d2bfab8330db2d9fd1e1e011bbe53d4d4d56c-d_840?region=us" alt=""></img>
					<div class="uael-video__play-icon uael-animation-">
						<svg aria-hidden="true" class="e-font-icon-svg e-fa-play-circle" viewbox="0 0 512 512" xmlns="http://www.w3.org/2000/svg"><path d="M256 8C119 8 8 119 8 256s111 248 248 248 248-111 248-248S393 8 256 8zm115.7 272l-176 101c-15.8 8.8-35.7-2.5-35.7-21V152c0-18.4 19.8-29.8 35.7-21l176 107c16.4 9.2 16.4 32.9 0 42z"></path></svg>					</div>
				</div>
											</div>
		</div>
							</div>
				</div>
				<div class="elementor-element elementor-element-75c4b54 elementor-widget elementor-widget-uael-retina-image" data-id="75c4b54" data-element_type="widget" data-settings="{&quot;align&quot;:&quot;center&quot;,&quot;width&quot;:{&quot;unit&quot;:&quot;%&quot;,&quot;size&quot;:&quot;&quot;,&quot;sizes&quot;:[]},&quot;width_tablet&quot;:{&quot;unit&quot;:&quot;%&quot;,&quot;size&quot;:&quot;&quot;,&quot;sizes&quot;:[]},&quot;width_mobile&quot;:{&quot;unit&quot;:&quot;%&quot;,&quot;size&quot;:&quot;&quot;,&quot;sizes&quot;:[]},&quot;space&quot;:{&quot;unit&quot;:&quot;%&quot;,&quot;size&quot;:&quot;&quot;,&quot;sizes&quot;:[]},&quot;space_tablet&quot;:{&quot;unit&quot;:&quot;%&quot;,&quot;size&quot;:&quot;&quot;,&quot;sizes&quot;:[]},&quot;space_mobile&quot;:{&quot;unit&quot;:&quot;%&quot;,&quot;size&quot;:&quot;&quot;,&quot;sizes&quot;:[]},&quot;image_border_radius&quot;:{&quot;unit&quot;:&quot;px&quot;,&quot;top&quot;:&quot;&quot;,&quot;right&quot;:&quot;&quot;,&quot;bottom&quot;:&quot;&quot;,&quot;left&quot;:&quot;&quot;,&quot;isLinked&quot;:true},&quot;image_border_radius_tablet&quot;:{&quot;unit&quot;:&quot;px&quot;,&quot;top&quot;:&quot;&quot;,&quot;right&quot;:&quot;&quot;,&quot;bottom&quot;:&quot;&quot;,&quot;left&quot;:&quot;&quot;,&quot;isLinked&quot;:true},&quot;image_border_radius_mobile&quot;:{&quot;unit&quot;:&quot;px&quot;,&quot;top&quot;:&quot;&quot;,&quot;right&quot;:&quot;&quot;,&quot;bottom&quot;:&quot;&quot;,&quot;left&quot;:&quot;&quot;,&quot;isLinked&quot;:true}}" data-widget_type="uael-retina-image.default">
				<div class="elementor-widget-container">
							<div class="uael-retina-image">
													<div class="uael-retina-image-set">
					<div class="uael-retina-image-container">
						<img decoding="async" class="uael-retina-img elementor-animation- lazyload" data-src="http://laximenavelasquez.com/wp-content/smush-webp/2024/12/El-mar-768x788.jpg.webp" alt="El mar"data-srcset="http://laximenavelasquez.com/wp-content/smush-webp/2024/12/El-mar-768x788.jpg.webp 1x,http://laximenavelasquez.com/wp-content/smush-webp/2024/12/El-mar-768x788.jpg.webp 2x" src="data:image/gif;base64,R0lGODlhAQABAAAAACH5BAEKAAEALAAAAAABAAEAAAICTAEAOw==" style="--smush-placeholder-width: 768px; --smush-placeholder-aspect-ratio: 768/788;" data-smush-webp-fallback="{&quot;data-src&quot;:&quot;http:\/\/laximenavelasquez.com\/wp-content\/uploads\/2024\/12\/El-mar-768x788.jpg&quot;,&quot;data-srcset&quot;:&quot;http:\/\/laximenavelasquez.com\/wp-content\/uploads\/2024\/12\/El-mar-768x788.jpg 1x,http:\/\/laximenavelasquez.com\/wp-content\/uploads\/2024\/12\/El-mar-768x788.jpg 2x&quot;}" /><noscript><img decoding="async" class="uael-retina-img elementor-animation-" src="http://laximenavelasquez.com/wp-content/uploads/2024/12/El-mar-768x788.jpg" alt="El mar"srcset="http://laximenavelasquez.com/wp-content/uploads/2024/12/El-mar-768x788.jpg 1x,http://laximenavelasquez.com/wp-content/uploads/2024/12/El-mar-768x788.jpg 2x"/></noscript>
					</div>
				</div>
								</div>
						</div>
				</div>
				<div class="elementor-element elementor-element-e124bab elementor-widget elementor-widget-text-editor" data-id="e124bab" data-element_type="widget" data-widget_type="text-editor.default">
				<div class="elementor-widget-container">
									<p><span data-contrast="auto">Alguns dizem que os caracóis marinhos guardam em sua memória o som das ondas que lhes deram origem, refletindo a crença de que é possível ouvir o mar quando se está a quilômetros de distância apenas segurando um caracol perto do ouvido.</span><span data-ccp-props="{}"> </span></p><p><span data-contrast="auto">As conchas permitem a criação de uma paisagem virtual, entendendo "virtual" não como algo estritamente relacionado à mídia tecnológica, mas como uma experiência mental. Nossa mente, estimulada por um mínimo de sensações e emoções, seja por meio de uma imagem, um cheiro ou um som, desafia os limites espaciais e temporais, transita entre o passado e as lembranças, mistura imagens e situações e se move por paisagens virtuais tão vívidas que nos preenchem completamente.</span><span data-ccp-props="{}"> </span></p><p><span data-contrast="auto">O caracol, quando está habitado, vagueia com sua casa nas costas, talvez porque habite um território tão vasto que não tem necessidade de se estabelecer em um lugar fixo. Mais tarde, a concha sozinha, com o som que ressoa em seu interior, tem o poder de evocar uma paisagem que, como o próprio recipiente, torna-se errática.</span><span data-ccp-props="{}"> </span></p>								</div>
				</div>
				<div class="elementor-element elementor-element-f3b4064 elementor-widget elementor-widget-text-editor" data-id="f3b4064" data-element_type="widget" data-widget_type="text-editor.default">
				<div class="elementor-widget-container">
									<p><span class="TextRun SCXW102508270 BCX8" lang="ES-ES" xml:lang="ES-ES" data-contrast="none"><span class="NormalTextRun SCXW102508270 BCX8">Câmera:</span> <span class="NormalTextRun SCXW102508270 BCX8">Dixon</span> <span class="NormalTextRun SCXW102508270 BCX8">Quitiana</span></span></p>								</div>
				</div>
				</div>
					</div>
				</div>
				</div>

<p>O mar Vídeo, duração: 00:01:38 Vídeo e capa para fone de ouvido 2008 https://vimeo.com/5825615 Alguns dizem que os caracóis marinhos guardam na memória o som das ondas que os viram nascer, o que explica a crença de que é possível ouvir o mar quando se está a quilômetros de distância apenas com um caracol marinho [...]</p>
