{"id":391,"date":"2024-11-18T22:35:08","date_gmt":"2024-11-18T22:35:08","guid":{"rendered":"http:\/\/laximenavelasquez.com\/sobre-la-casa-y-la-memoria\/la-memoria-no-tiene-caminos-de-regreso\/"},"modified":"2024-12-16T23:17:28","modified_gmt":"2024-12-16T23:17:28","slug":"la-memoria-no-tiene-caminos-de-regreso","status":"publish","type":"page","link":"https:\/\/laximenavelasquez.com\/pt\/sobre-la-casa-y-la-memoria\/la-memoria-no-tiene-caminos-de-regreso\/","title":{"rendered":"A mem\u00f3ria n\u00e3o tem como voltar atr\u00e1s"},"content":{"rendered":"<div data-elementor-type=\"wp-page\" data-elementor-id=\"391\" class=\"elementor elementor-391\" data-elementor-post-type=\"page\">\n\t\t\t\t<div class=\"elementor-element elementor-element-5aa1aa8 e-flex e-con-boxed e-con e-parent\" data-id=\"5aa1aa8\" data-element_type=\"container\">\n\t\t\t\t\t<div class=\"e-con-inner\">\n\t\t<div class=\"elementor-element elementor-element-7f4765e e-con-full e-flex e-con e-child\" data-id=\"7f4765e\" data-element_type=\"container\">\n\t\t\t\t<div class=\"elementor-element elementor-element-2c9a3fd elementor-widget elementor-widget-heading\" data-id=\"2c9a3fd\" data-element_type=\"widget\" data-widget_type=\"heading.default\">\n\t\t\t\t<div class=\"elementor-widget-container\">\n\t\t\t\t\t<h1 class=\"elementor-heading-title elementor-size-default\">A mem\u00f3ria n\u00e3o tem como voltar atr\u00e1s<\/h1>\t\t\t\t<\/div>\n\t\t\t\t<\/div>\n\t\t\t\t<div class=\"elementor-element elementor-element-1165cc8 elementor-widget elementor-widget-text-editor\" data-id=\"1165cc8\" data-element_type=\"widget\" data-widget_type=\"text-editor.default\">\n\t\t\t\t<div class=\"elementor-widget-container\">\n\t\t\t\t\t\t\t\t\t<p><span data-contrast=\"auto\">Instala\u00e7\u00e3o, casa de grama, projetor de slides e caixa de luz de 35 x 35 cm.<\/span><span data-ccp-props=\"{}\">\u00a0<br \/><\/span><span data-contrast=\"auto\">Dimens\u00f5es vari\u00e1veis, aprox. 4 x 4 metros.<\/span><span data-ccp-props=\"{}\">\u00a0<br \/><\/span><span data-contrast=\"auto\">2001<\/span><span data-ccp-props=\"{}\">\u00a0<\/span><\/p>\t\t\t\t\t\t\t\t<\/div>\n\t\t\t\t<\/div>\n\t\t\t\t<div class=\"elementor-element elementor-element-276db91 uael-img-grid__column-1 uael-img-grid-mobile__column-1 uael-img-grid-tablet__column-2 uael-ins-normal elementor-widget elementor-widget-uael-image-gallery\" data-id=\"276db91\" data-element_type=\"widget\" data-settings=\"{&quot;gallery_columns&quot;:&quot;1&quot;,&quot;gallery_columns_mobile&quot;:&quot;1&quot;,&quot;gallery_columns_tablet&quot;:&quot;2&quot;,&quot;column_gap&quot;:{&quot;unit&quot;:&quot;px&quot;,&quot;size&quot;:20,&quot;sizes&quot;:[]},&quot;column_gap_tablet&quot;:{&quot;unit&quot;:&quot;px&quot;,&quot;size&quot;:&quot;&quot;,&quot;sizes&quot;:[]},&quot;column_gap_mobile&quot;:{&quot;unit&quot;:&quot;px&quot;,&quot;size&quot;:&quot;&quot;,&quot;sizes&quot;:[]},&quot;row_gap&quot;:{&quot;unit&quot;:&quot;px&quot;,&quot;size&quot;:20,&quot;sizes&quot;:[]},&quot;row_gap_tablet&quot;:{&quot;unit&quot;:&quot;px&quot;,&quot;size&quot;:&quot;&quot;,&quot;sizes&quot;:[]},&quot;row_gap_mobile&quot;:{&quot;unit&quot;:&quot;px&quot;,&quot;size&quot;:&quot;&quot;,&quot;sizes&quot;:[]},&quot;images_valign&quot;:&quot;flex-start&quot;}\" data-widget_type=\"uael-image-gallery.default\">\n\t\t\t\t<div class=\"elementor-widget-container\">\n\t\t\t\t\t<div class=\"uael-gallery-parent uael-caption- uael-gallery-unjustified\"><div class=\"uael-img-gallery-wrap uael-img-grid-wrap uael-img-grid-masonry-wrap uael-image-lightbox-wrap\" data-filter-default=\"All\" data-lightbox_actions=\"[&quot;close&quot;]\" data-lightbox-gallery-loop=\"1\"><div class=\"uael-grid-item  uael-img-gallery-item-1\"><div class=\"uael-grid-item-content\"><a class=\"uael-grid-img uael-grid-gallery-img uael-ins-hover elementor-clickable\" data-fancybox=\"uael-gallery\" href=\"https:\/\/laximenavelasquez.com\/wp-content\/smush-webp\/2024\/12\/La-memoria-no-tiene-caminos.jpg.webp\" data-elementor-open-lightbox=\"no\" data-smush-webp-fallback=\"{&quot;href&quot;:&quot;https:\\\/\\\/laximenavelasquez.com\\\/wp-content\\\/uploads\\\/2024\\\/12\\\/La-memoria-no-tiene-caminos.jpg&quot;}\"><div class=\"uael-grid-img-thumbnail uael-ins-target\"><img fetchpriority=\"high\" decoding=\"async\" width=\"660\" height=\"660\" src=\"https:\/\/laximenavelasquez.com\/wp-content\/smush-webp\/2024\/12\/La-memoria-no-tiene-caminos.jpg.webp\" class=\"attachment-medium_large size-medium_large wp-image-705\" alt=\"\" srcset=\"https:\/\/laximenavelasquez.com\/wp-content\/smush-webp\/2024\/12\/La-memoria-no-tiene-caminos.jpg.webp 660w, https:\/\/laximenavelasquez.com\/wp-content\/uploads\/2024\/12\/La-memoria-no-tiene-caminos-300x300.jpg 300w, https:\/\/laximenavelasquez.com\/wp-content\/uploads\/2024\/12\/La-memoria-no-tiene-caminos-150x150.jpg 150w, https:\/\/laximenavelasquez.com\/wp-content\/uploads\/2024\/12\/La-memoria-no-tiene-caminos-12x12.jpg 12w\" sizes=\"(max-width: 660px) 100vw, 660px\" data-smush-webp-fallback=\"{&quot;src&quot;:&quot;https:\\\/\\\/laximenavelasquez.com\\\/wp-content\\\/uploads\\\/2024\\\/12\\\/La-memoria-no-tiene-caminos.jpg&quot;,&quot;srcset&quot;:&quot;https:\\\/\\\/laximenavelasquez.com\\\/wp-content\\\/uploads\\\/2024\\\/12\\\/La-memoria-no-tiene-caminos.jpg 660w, https:\\\/\\\/laximenavelasquez.com\\\/wp-content\\\/uploads\\\/2024\\\/12\\\/La-memoria-no-tiene-caminos-300x300.jpg 300w, https:\\\/\\\/laximenavelasquez.com\\\/wp-content\\\/uploads\\\/2024\\\/12\\\/La-memoria-no-tiene-caminos-150x150.jpg 150w, https:\\\/\\\/laximenavelasquez.com\\\/wp-content\\\/uploads\\\/2024\\\/12\\\/La-memoria-no-tiene-caminos-12x12.jpg 12w&quot;}\" \/><\/div><div class=\"uael-grid-img-overlay\"><\/div><\/a><\/div><\/div><\/div><\/div>\t\t\t\t<\/div>\n\t\t\t\t<\/div>\n\t\t\t\t<div class=\"elementor-element elementor-element-a950ca6 elementor-widget elementor-widget-text-editor\" data-id=\"a950ca6\" data-element_type=\"widget\" data-widget_type=\"text-editor.default\">\n\t\t\t\t<div class=\"elementor-widget-container\">\n\t\t\t\t\t\t\t\t\t<p><span data-contrast=\"auto\">\"Que o passado era uma mentira, que a mem\u00f3ria n\u00e3o tem volta, que toda primavera antiga era irrecuper\u00e1vel e que o amor mais destinado e tenaz era, em todo caso, uma verdade ef\u00eamera\". Foi isso que o s\u00e1bio catal\u00e3o escreveu a seus amigos depois de deixar Macondo em busca dos pores do sol de sua terra natal, encontrando-se preso a duas nostalgias conflitantes: a mem\u00f3ria dos lugares que deixou quando era jovem e as lembran\u00e7as recentes do lugar onde estava, de onde ansiava por seu passado. Por essa raz\u00e3o, a obra surge dos exerc\u00edcios de mem\u00f3ria, da reflex\u00e3o sobre a viagem e as estrat\u00e9gias necess\u00e1rias para transportar as lembran\u00e7as de lugares queridos, que devemos abandonar na inevit\u00e1vel presen\u00e7a da partida.<\/span><span data-ccp-props=\"{}\">\u00a0<\/span><\/p><p><span data-contrast=\"auto\">A casa de grama \u00e9 feita de grama seca prensada e mede aproximadamente 95 cm de comprimento por 75 cm de altura. A ilumina\u00e7\u00e3o do espa\u00e7o \u00e9 fraca e, em uma parede pr\u00f3xima, h\u00e1 uma caixa de luz contendo uma fotografia de uma paisagem verde com um c\u00e9u claro, na qual uma ovelha negra posa de frente para sua casa: uma casa feita de grama.<\/span><span data-ccp-props=\"{}\"> \u00a0<\/span><span data-contrast=\"auto\">Um velho projetor verde \u00e9 colocado em frente \u00e0 casa e projeta nela uma ovelha negra. A proje\u00e7\u00e3o dura aproximadamente 40 segundos, tempo suficiente para relacionar a ovelha na paisagem com a projetada, fazendo refer\u00eancia a dois momentos e \u00e9pocas diferentes.<\/span><span data-ccp-props=\"{}\">\u00a0<\/span><span style=\"color: var( --e-global-color-text ); font-family: var( --e-global-typography-text-font-family ), Sans-serif; font-size: var( --e-global-typography-text-font-size ); font-weight: var( --e-global-typography-text-font-weight );\">\u00a0<\/span><\/p><p><span data-contrast=\"auto\">A pe\u00e7a mostra uma rela\u00e7\u00e3o simples entre a casa de pasto e a ovelha: a ovelha come sua casa para lev\u00e1-la para dentro dela e, assim, poder se mover com a esperan\u00e7a de levar tudo com ela. De certa forma, o mesmo acontece conosco quando deixamos um lugar querido. Nossa estrat\u00e9gia \u00e9 executada por meio da mem\u00f3ria: levamos conosco um arquivo de imagens, cheiros e sensa\u00e7\u00f5es que tendem a ser embelezados com o tempo por v\u00e1rias evoca\u00e7\u00f5es.<\/span><span data-ccp-props=\"{}\">\u00a0<\/span><\/p>\t\t\t\t\t\t\t\t<\/div>\n\t\t\t\t<\/div>\n\t\t\t\t<\/div>\n\t\t\t\t\t<\/div>\n\t\t\t\t<\/div>\n\t\t\t\t<\/div>","protected":false},"excerpt":{"rendered":"<p>La memoria no tiene caminos de regreso Instalaci\u00f3n, casa de pasto, proyector de diapositiva y caja de luz de 35 x 35 cm.\u00a0Dimensiones variables, 4 x 4 metros aprox.\u00a02001\u00a0 \u201cQue el pasado era mentira, que la memoria no tiene caminos de regreso, que toda primavera antigua era irrecuperable y que el amor m\u00e1s destinado y [&hellip;]<\/p>","protected":false},"author":1,"featured_media":0,"parent":389,"menu_order":0,"comment_status":"closed","ping_status":"closed","template":"","meta":{"footnotes":""},"class_list":["post-391","page","type-page","status-publish","hentry"],"_links":{"self":[{"href":"https:\/\/laximenavelasquez.com\/pt\/wp-json\/wp\/v2\/pages\/391","targetHints":{"allow":["GET"]}}],"collection":[{"href":"https:\/\/laximenavelasquez.com\/pt\/wp-json\/wp\/v2\/pages"}],"about":[{"href":"https:\/\/laximenavelasquez.com\/pt\/wp-json\/wp\/v2\/types\/page"}],"author":[{"embeddable":true,"href":"https:\/\/laximenavelasquez.com\/pt\/wp-json\/wp\/v2\/users\/1"}],"replies":[{"embeddable":true,"href":"https:\/\/laximenavelasquez.com\/pt\/wp-json\/wp\/v2\/comments?post=391"}],"version-history":[{"count":12,"href":"https:\/\/laximenavelasquez.com\/pt\/wp-json\/wp\/v2\/pages\/391\/revisions"}],"predecessor-version":[{"id":952,"href":"https:\/\/laximenavelasquez.com\/pt\/wp-json\/wp\/v2\/pages\/391\/revisions\/952"}],"up":[{"embeddable":true,"href":"https:\/\/laximenavelasquez.com\/pt\/wp-json\/wp\/v2\/pages\/389"}],"wp:attachment":[{"href":"https:\/\/laximenavelasquez.com\/pt\/wp-json\/wp\/v2\/media?parent=391"}],"curies":[{"name":"wp","href":"https:\/\/api.w.org\/{rel}","templated":true}]}}

A memória não tem como voltar atrás

<div data-elementor-type="wp-page" data-elementor-id="391" class="elementor elementor-391" data-elementor-post-type="page">
				<div class="elementor-element elementor-element-5aa1aa8 e-flex e-con-boxed e-con e-parent" data-id="5aa1aa8" data-element_type="container">
					<div class="e-con-inner">
		<div class="elementor-element elementor-element-7f4765e e-con-full e-flex e-con e-child" data-id="7f4765e" data-element_type="container">
				<div class="elementor-element elementor-element-2c9a3fd elementor-widget elementor-widget-heading" data-id="2c9a3fd" data-element_type="widget" data-widget_type="heading.default">
				<div class="elementor-widget-container">
					<h1 class="elementor-heading-title elementor-size-default">A memória não tem como voltar atrás</h1>				</div>
				</div>
				<div class="elementor-element elementor-element-1165cc8 elementor-widget elementor-widget-text-editor" data-id="1165cc8" data-element_type="widget" data-widget_type="text-editor.default">
				<div class="elementor-widget-container">
									<p><span data-contrast="auto">Instalação, casa de grama, projetor de slides e caixa de luz de 35 x 35 cm.</span><span data-ccp-props="{}"> <br /></span><span data-contrast="auto">Dimensões variáveis, aprox. 4 x 4 metros.</span><span data-ccp-props="{}"> <br /></span><span data-contrast="auto">2001</span><span data-ccp-props="{}"> </span></p>								</div>
				</div>
				<div class="elementor-element elementor-element-276db91 uael-img-grid__column-1 uael-img-grid-mobile__column-1 uael-img-grid-tablet__column-2 uael-ins-normal elementor-widget elementor-widget-uael-image-gallery" data-id="276db91" data-element_type="widget" data-settings="{&quot;gallery_columns&quot;:&quot;1&quot;,&quot;gallery_columns_mobile&quot;:&quot;1&quot;,&quot;gallery_columns_tablet&quot;:&quot;2&quot;,&quot;column_gap&quot;:{&quot;unit&quot;:&quot;px&quot;,&quot;size&quot;:20,&quot;sizes&quot;:[]},&quot;column_gap_tablet&quot;:{&quot;unit&quot;:&quot;px&quot;,&quot;size&quot;:&quot;&quot;,&quot;sizes&quot;:[]},&quot;column_gap_mobile&quot;:{&quot;unit&quot;:&quot;px&quot;,&quot;size&quot;:&quot;&quot;,&quot;sizes&quot;:[]},&quot;row_gap&quot;:{&quot;unit&quot;:&quot;px&quot;,&quot;size&quot;:20,&quot;sizes&quot;:[]},&quot;row_gap_tablet&quot;:{&quot;unit&quot;:&quot;px&quot;,&quot;size&quot;:&quot;&quot;,&quot;sizes&quot;:[]},&quot;row_gap_mobile&quot;:{&quot;unit&quot;:&quot;px&quot;,&quot;size&quot;:&quot;&quot;,&quot;sizes&quot;:[]},&quot;images_valign&quot;:&quot;flex-start&quot;}" data-widget_type="uael-image-gallery.default">
				<div class="elementor-widget-container">
					<div class="uael-gallery-parent uael-caption- uael-gallery-unjustified"><div class="uael-img-gallery-wrap uael-img-grid-wrap uael-img-grid-masonry-wrap uael-image-lightbox-wrap" data-filter-default="All" data-lightbox_actions="[&quot;close&quot;]" data-lightbox-gallery-loop="1"><div class="uael-grid-item  uael-img-gallery-item-1"><div class="uael-grid-item-content"><a class="uael-grid-img uael-grid-gallery-img uael-ins-hover elementor-clickable" data-fancybox="uael-gallery" href="https://laximenavelasquez.com/wp-content/smush-webp/2024/12/La-memoria-no-tiene-caminos.jpg.webp" data-elementor-open-lightbox="no" data-smush-webp-fallback="{&quot;href&quot;:&quot;https:\/\/laximenavelasquez.com\/wp-content\/uploads\/2024\/12\/La-memoria-no-tiene-caminos.jpg&quot;}"><div class="uael-grid-img-thumbnail uael-ins-target"><img fetchpriority="high" decoding="async" width="660" height="660" src="https://laximenavelasquez.com/wp-content/smush-webp/2024/12/La-memoria-no-tiene-caminos.jpg.webp" class="attachment-medium_large size-medium_large wp-image-705" alt="" srcset="https://laximenavelasquez.com/wp-content/smush-webp/2024/12/La-memoria-no-tiene-caminos.jpg.webp 660w, https://laximenavelasquez.com/wp-content/uploads/2024/12/La-memoria-no-tiene-caminos-300x300.jpg 300w, https://laximenavelasquez.com/wp-content/uploads/2024/12/La-memoria-no-tiene-caminos-150x150.jpg 150w, https://laximenavelasquez.com/wp-content/uploads/2024/12/La-memoria-no-tiene-caminos-12x12.jpg 12w" sizes="(max-width: 660px) 100vw, 660px" data-smush-webp-fallback="{&quot;src&quot;:&quot;https:\/\/laximenavelasquez.com\/wp-content\/uploads\/2024\/12\/La-memoria-no-tiene-caminos.jpg&quot;,&quot;srcset&quot;:&quot;https:\/\/laximenavelasquez.com\/wp-content\/uploads\/2024\/12\/La-memoria-no-tiene-caminos.jpg 660w, https:\/\/laximenavelasquez.com\/wp-content\/uploads\/2024\/12\/La-memoria-no-tiene-caminos-300x300.jpg 300w, https:\/\/laximenavelasquez.com\/wp-content\/uploads\/2024\/12\/La-memoria-no-tiene-caminos-150x150.jpg 150w, https:\/\/laximenavelasquez.com\/wp-content\/uploads\/2024\/12\/La-memoria-no-tiene-caminos-12x12.jpg 12w&quot;}" /></div><div class="uael-grid-img-overlay"></div></a></div></div></div></div>				</div>
				</div>
				<div class="elementor-element elementor-element-a950ca6 elementor-widget elementor-widget-text-editor" data-id="a950ca6" data-element_type="widget" data-widget_type="text-editor.default">
				<div class="elementor-widget-container">
									<p><span data-contrast="auto">"Que o passado era uma mentira, que a memória não tem volta, que toda primavera antiga era irrecuperável e que o amor mais destinado e tenaz era, em todo caso, uma verdade efêmera". Foi isso que o sábio catalão escreveu a seus amigos depois de deixar Macondo em busca dos pores do sol de sua terra natal, encontrando-se preso a duas nostalgias conflitantes: a memória dos lugares que deixou quando era jovem e as lembranças recentes do lugar onde estava, de onde ansiava por seu passado. Por essa razão, a obra surge dos exercícios de memória, da reflexão sobre a viagem e as estratégias necessárias para transportar as lembranças de lugares queridos, que devemos abandonar na inevitável presença da partida.</span><span data-ccp-props="{}"> </span></p><p><span data-contrast="auto">A casa de grama é feita de grama seca prensada e mede aproximadamente 95 cm de comprimento por 75 cm de altura. A iluminação do espaço é fraca e, em uma parede próxima, há uma caixa de luz contendo uma fotografia de uma paisagem verde com um céu claro, na qual uma ovelha negra posa de frente para sua casa: uma casa feita de grama.</span><span data-ccp-props="{}">  </span><span data-contrast="auto">Um velho projetor verde é colocado em frente à casa e projeta nela uma ovelha negra. A projeção dura aproximadamente 40 segundos, tempo suficiente para relacionar a ovelha na paisagem com a projetada, fazendo referência a dois momentos e épocas diferentes.</span><span data-ccp-props="{}"> </span><span style="color: var( --e-global-color-text ); font-family: var( --e-global-typography-text-font-family ), Sans-serif; font-size: var( --e-global-typography-text-font-size ); font-weight: var( --e-global-typography-text-font-weight );"> </span></p><p><span data-contrast="auto">A peça mostra uma relação simples entre a casa de pasto e a ovelha: a ovelha come sua casa para levá-la para dentro dela e, assim, poder se mover com a esperança de levar tudo com ela. De certa forma, o mesmo acontece conosco quando deixamos um lugar querido. Nossa estratégia é executada por meio da memória: levamos conosco um arquivo de imagens, cheiros e sensações que tendem a ser embelezados com o tempo por várias evocações.</span><span data-ccp-props="{}"> </span></p>								</div>
				</div>
				</div>
					</div>
				</div>
				</div>

<p>La memoria no tiene caminos de regreso Instalación, casa de pasto, proyector de diapositiva y caja de luz de 35 x 35 cm. Dimensiones variables, 4 x 4 metros aprox. 2001  “Que el pasado era mentira, que la memoria no tiene caminos de regreso, que toda primavera antigua era irrecuperable y que el amor más destinado y [&hellip;]</p>
